{"id":449,"date":"2023-10-01T18:26:50","date_gmt":"2023-10-01T18:26:50","guid":{"rendered":"http:\/\/localhost\/wordpress\/?page_id=3"},"modified":"2023-11-27T17:12:32","modified_gmt":"2023-11-27T16:12:32","slug":"impressum","status":"publish","type":"page","link":"https:\/\/dk-realitaeten.at\/index.php\/impressum\/","title":{"rendered":"Impressum"},"content":{"rendered":"\n<div class=\"wp-block-columns is-layout-flex wp-container-core-columns-is-layout-9d6595d7 wp-block-columns-is-layout-flex\">\n<div class=\"wp-block-column is-layout-flow wp-block-column-is-layout-flow\" style=\"flex-basis:50%\">\n<figure class=\"wp-block-image size-large\"><img loading=\"lazy\" decoding=\"async\" width=\"683\" height=\"1024\" src=\"http:\/\/dk-realitaeten.at\/wp-content\/uploads\/2023\/11\/Tuere-683x1024.jpg\" alt=\"\" class=\"wp-image-791\" srcset=\"https:\/\/dk-realitaeten.at\/wp-content\/uploads\/2023\/11\/Tuere-683x1024.jpg 683w, https:\/\/dk-realitaeten.at\/wp-content\/uploads\/2023\/11\/Tuere-200x300.jpg 200w, https:\/\/dk-realitaeten.at\/wp-content\/uploads\/2023\/11\/Tuere-768x1152.jpg 768w, https:\/\/dk-realitaeten.at\/wp-content\/uploads\/2023\/11\/Tuere-1024x1536.jpg 1024w, https:\/\/dk-realitaeten.at\/wp-content\/uploads\/2023\/11\/Tuere.jpg 1200w\" sizes=\"auto, (max-width: 683px) 100vw, 683px\" \/><\/figure>\n<\/div>\n\n\n\n<div class=\"wp-block-column is-layout-flow wp-block-column-is-layout-flow\" style=\"flex-basis:50%\">\n<div class=\"wp-block-group\"><div class=\"wp-block-group__inner-container is-layout-constrained wp-block-group-is-layout-constrained\">\n<p>DK Realit\u00e4ten GmbH<br>Schulerstra\u00dfe 18&nbsp;<br>1010 Wien&nbsp;<\/p>\n\n\n\n<p>Tel: +43 (1) 513 03 09<br>Fax: +43 (1) 513 03 09 22<br>E-mail:&nbsp;<a href=\"mailto:office@dk-realitaeten.at\" target=\"_blank\" rel=\"noreferrer noopener\">office@dk-realitaeten.at<\/a><\/p>\n\n\n\n<p>Firmenbuchnummer: 262012 m<br><br>Die DK Realit\u00e4ten GmbH verf\u00fcgt \u00fcber eine Immobilienmaklerkonzession.<br><br>Kammer\/Berufsverband: Wirtschaftskammer \u00d6sterreich, Fachverband der Immobilien- und Verm\u00f6genstreuh\u00e4nder&nbsp;<\/p>\n<\/div><\/div>\n<\/div>\n<\/div>\n","protected":false},"excerpt":{"rendered":"<p>DK Realit\u00e4ten GmbHSchulerstra\u00dfe 18&nbsp;1010 Wien&nbsp; Tel: +43 (1) 513 03 09Fax: +43 (1) 513 03 09 22E-mail:&nbsp;office@dk-realitaeten.at Firmenbuchnummer: 262012 m Die DK Realit\u00e4ten GmbH verf\u00fcgt&hellip;<\/p>\n","protected":false},"author":1,"featured_media":0,"parent":0,"menu_order":0,"comment_status":"closed","ping_status":"closed","template":"","meta":{"footnotes":""},"class_list":["post-449","page","type-page","status-publish","hentry","wp-image-borders"],"_links":{"self":[{"href":"https:\/\/dk-realitaeten.at\/index.php\/wp-json\/wp\/v2\/pages\/449","targetHints":{"allow":["GET"]}}],"collection":[{"href":"https:\/\/dk-realitaeten.at\/index.php\/wp-json\/wp\/v2\/pages"}],"about":[{"href":"https:\/\/dk-realitaeten.at\/index.php\/wp-json\/wp\/v2\/types\/page"}],"author":[{"embeddable":true,"href":"https:\/\/dk-realitaeten.at\/index.php\/wp-json\/wp\/v2\/users\/1"}],"replies":[{"embeddable":true,"href":"https:\/\/dk-realitaeten.at\/index.php\/wp-json\/wp\/v2\/comments?post=449"}],"version-history":[{"count":1,"href":"https:\/\/dk-realitaeten.at\/index.php\/wp-json\/wp\/v2\/pages\/449\/revisions"}],"predecessor-version":[{"id":793,"href":"https:\/\/dk-realitaeten.at\/index.php\/wp-json\/wp\/v2\/pages\/449\/revisions\/793"}],"wp:attachment":[{"href":"https:\/\/dk-realitaeten.at\/index.php\/wp-json\/wp\/v2\/media?parent=449"}],"curies":[{"name":"wp","href":"https:\/\/api.w.org\/{rel}","templated":true}]}}